 Let t be x(-2). Suppose -4*k - 184 = -t*v, 4*v - 271 = v + k. Suppose 461 = d - v. Is d a composite number?
True
Let b(j) = -12866*j + 6137. Is b(-42) prime?
True
Let g = -138592 - -340413. Is g a composite number?
False
Suppose -v - 72 = -3*v + 3*b, -3*b = 0. Let z be (1 - 10/(-6))*27/v. Is ((-1)/3)/((-60926)/30462 + z) prime?
True
Suppose r = 2*n - 81379, 203500 = 5*n - 222*r + 227*r. Is n prime?
True
Suppose 11280 = g - 41*v + 40*v, -5*v - 33842 = -3*g. Is g composite?
False
Let l = 126892 + 391765. Is l prime?
True
Let s = 514 - 284. Suppose 2*h + 117 = -h. Let k = s + h. Is k a composite number?
False
Is (57440 - 2/(-1)) + 19 + -23 + 1 prime?
False
Let d = 410316 - -843241. Is d a composite number?
False
Let h(m) = m + 10. Let x(q) = -q**2 - 9*q - 5. Let u be x(-9). Let s be h(u). Let i(k) = 95*k - 8. Is i(s) composite?
False
Suppose -4*p - h + 24 = 0, -4*p - 3*h + 13 + 19 = 0. Suppose -7*d - 2*x + 70380 = -2*d, -p = x. Is d prime?
False
Suppose -101*u + 285 - 83 = 0. Let z be 168*2/((-8)/(-15)). Suppose 4*f - 4*i = 1288, z + 29 = u*f - 5*i. Is f prime?
True
Suppose -3*i + 2*x + 1068 = -7678, -5*i - 3*x + 14564 = 0. Suppose -9582 = -2*d + 5*h, 0*d + 9558 = 2*d + h. Let u = d - i. Is u a prime number?
True
Is (2 + (-8)/6)*-3*177864/(-48) prime?
True
Let k(x) = -2*x - 41. Let i be k(18). Let y = 142 + i. Suppose 67*f - 4318 = y*f. Is f a composite number?
True
Suppose 54*h - 28254 - 152160 = 0. Is h a composite number?
True
Let n(f) = 6*f**3 + 6*f**2 - 124*f - 21. Let d(s) = -8*s**3 - 7*s**2 + 123*s + 22. Let v(t) = 2*d(t) + 3*n(t). Is v(22) composite?
False
Is (-923094)/(-12)*(-26)/(-39) prime?
True
Suppose 10*p - 903214 = -55704. Is p composite?
False
Let r(l) = 526*l**2 + 163*l - 9. Is r(4) composite?
False
Let m be 3*1*119/(-51). Let f be 10 - (3 + -8 - m). Is (-5 + (-84)/f)*-14 a prime number?
False
Suppose -42605 = 6*a - 11*a. Suppose 0 = 10*z + a - 45191. Is z composite?
True
Suppose i - 33 - 40 = -4*x, x + i - 22 = 0. Let k be (x - 15) + (0 - (-5978 + 1)). Suppose 7*d = 10*d - k. Is d a composite number?
False
Suppose 18*z = 46*z - 140. Let w(g) be the first derivative of 31*g**2 + 13*g + 2. Is w(z) a composite number?
True
Suppose 3*m - 3430 = -5*g, -684 = -g - 0*m - m. Let u = 200 + g. Is u a prime number?
False
Suppose 12*v - 235467 = -67707. Suppose -27*j = -7*j - v. Is j prime?
False
Let u be 8/44 - 148254/(-22). Let x be (-14)/(-21) - u/(-3). Suppose -3*a + v = -x - 1101, -v = -2*a + 2233. Is a composite?
True
Let z(t) = 17 + 9 - 56 - 5947*t + 15 + 7. Is z(-1) a composite number?
False
Let g be (-1)/2 - ((-5675)/10 - -3). Suppose -4004 = -5*s + 2271. Let k = s - g. Is k a prime number?
True
Let r be ((-1)/2)/((-25)/20 + 1). Let f be 0 - (r/(-16) + 284634/(-48)). Suppose -3*s = -s - f. Is s a prime number?
False
Is 19/(2717/26) + 20/11 + 7101 a prime number?
True
Is -3 + (-12523)/(-14)*568 prime?
True
Let l(o) = 626*o - 735. Is l(47) prime?
True
Suppose -20 = -4*y + 4*f, 7*y - 2*y - 4*f - 22 = 0. Suppose -2*u - 2*o + 4102 = 0, -u - y*o + 704 = -1351. Is u prime?
False
Let l = 37 - 49. Let c = l - -62. Suppose -s = 1 - c. Is s prime?
False
Is (-14)/(-1) + 12 + 53121 a prime number?
True
Let z = -6 - -10. Suppose 5756 = 2*c - 4*x, -9*x + 2864 = c - z*x. Suppose 0 = 3*j, c = t - 5*j + 845. Is t composite?
False
Suppose -35 - 5 = -10*q. Suppose 39 = 2*i + 3*g - 1, -q*i + 4*g = -40. Suppose 3*y = i*y - 2937. Is y composite?
True
Suppose -w = 5*v - 88 - 9, 0 = 3*v + 4*w - 65. Let u(j) = -v*j - 173 + 186 - 3*j**3 + j**3 - 9*j**2. Is u(-9) a composite number?
True
Let u be ((-12)/(-9))/(-1 + 12/9). Is (-2)/(-2 + u) - -1638 a prime number?
True
Let b(s) = -26*s**3 - 19*s**2 + 5*s - 1. Let p be b(8). Let u = 22642 + p. Is u a prime number?
False
Suppose 3*c = 5*g - 30 - 466, 5*c = g - 834. Suppose -2*u + 584 = -392. Let p = u + c. Is p a prime number?
False
Let z(v) = -5*v**3 + 3*v**2 + 4*v - 5. Let r(h) = -h**2 - h - 1. Suppose 0 = -4*a + 1 + 3. Let y(x) = a*z(x) + 2*r(x). Is y(-5) a prime number?
False
Let i(t) = -t**2 - 16*t + 20. Let w be i(-16). Let a = -1 + w. Suppose s - 2*n = 7 + a, n - 174 = -5*s. Is s prime?
False
Suppose -123*b + 67945761 = 6158064. Is b a prime number?
True
Let t(a) = -83*a**3 + 3*a + 15. Let m be (-10)/(-4)*(468/65 + -8). Is t(m) prime?
True
Let k(s) = -s**3 + 5*s**2 + 13*s + 10. Let r be k(7). Suppose -r*g + 3377 = -175. Let l = g - -1743. Is l a prime number?
True
Let r = 17 + -8. Let t(i) = -10*i + r*i**2 - 3 + 14*i - 7*i. Is t(3) a prime number?
False
Is (-2 + -3)*(-6)/30*152809 prime?
True
Let c(r) = r. Let p(z) = -z**2 - 4*z + 8. Let v(q) = 4*c(q) + p(q). Let x be v(-3). Is (9890/(-40) - 1/(-4))/x a composite number?
True
Suppose 5*t - 20 = -5*f, 0*t = -f + 4*t + 4. Let u(z) = 201*z - 113. Is u(f) a composite number?
False
Let i be 4 + -3788 + (-39)/(-13). Let j = 828 - i. Is j composite?
True
Let l(c) be the third derivative of 31*c**5/10 - 19*c**4/24 + 2*c**3/3 + 2*c**2 - 17. Is l(-3) composite?
True
Let w = 52687 + -29770. Is (((-90)/(-10))/9)/(3/w) a prime number?
True
Suppose 0 = -3*w + 4*t + 59209, -w + t - 12674 = -32411. Is w a prime number?
True
Let z be (1 - (-303)/3)*(-3)/(-9). Let s = -30 + z. Suppose -5*m - s*i = -155, i + 93 = 3*m - 3*i. Is m prime?
True
Suppose 4*z - 7 = -4*t + 5, -4*z - 30 = -3*t. Let j be ((-14)/(-4))/(3/t). Suppose -j*w - 1670 = -12*w. Is w a composite number?
True
Let s = -480 - -1977. Let u = 2404 - s. Is u composite?
False
Suppose 5*h = -2*s + 42922, 4*h + 8574 = 5*h + 3*s. Suppose c = b - 13487, 2*b - 18388 = 5*c + h. Is b a composite number?
False
Let h(q) = q**2 + q - 1. Let w(p) = -2*p**2 + 17*p + 12. Let n(c) = 6*h(c) - w(c). Let a(r) be the first derivative of n(r). Is a(4) a prime number?
True
Suppose -4*z + 25 = z. Let s be (4 - z) + (0/(-2) - -3). Is ((-191)/2)/(s/(-4)) a composite number?
False
Let l(t) = t**3 + 7*t**2 - 7*t + 3. Let d be l(-8). Is (d + 1)*4/(-8) + 22767 prime?
True
Suppose 3444909 = 12*p + 501273 + 77544. Is p prime?
True
Let s be -3 + -16 + (1 - 2)*2. Let n = 33 - 36. Is 2/(n + s/(-9)) + 644 a prime number?
True
Let g(x) = 8*x + 62*x + 65 + 60 + 33*x. Is g(12) prime?
True
Let p = 568431 - 368542. Is p prime?
True
Let o = 2240602 - 829403. Is o prime?
True
Let u(p) = 43 - 167*p + 689*p + 28. Is u(3) composite?
False
Suppose 228750 = -5*j - 4*k + 680507, 4*k = 2*j - 180714. Is j a prime number?
True
Let q be -120*(-3 + (-54)/20*2). Suppose 4*d = 2*l + q, d - 261 = l + 4*l. Is d a prime number?
True
Let w = -26 - -31. Suppose 18 = w*n - m, -n + 3*m + 12 = -0*m. Suppose 4*l + n*s - 833 = 0, -4*l - s = 3*s - 832. Is l a prime number?
False
Let q = -315 - -320. Suppose -8423 = -q*y + 22082. Is y a composite number?
False
Let b(n) = 2939*n**2 + 48*n - 120. Is b(-13) a composite number?
False
Let i = 48228 - 25687. Is i composite?
False
Let t = -62870 + 97250. Suppose 5724 + t = 9*v. Suppose -13*r + v = -5*r. Is r a composite number?
False
Let j = -1832 - -6897. Is j a prime number?
False
Let w(r) = -1 + 988*r**3 - 1966*r**3 - 2*r**2 - 8*r - 6. Is w(-1) a composite number?
False
Let b(k) = 7979*k - 177. Let t be b(13). Suppose -8*s + 122666 = -t. Is s composite?
False
Let i(r) = -936*r**3 + 2*r**2 + 14*r + 123. Is i(-5) a prime number?
False
Let f be 1300 - (10 - 16/4). Let x = -872 + f. Is x composite?
True
Suppose -211*f - 9659688 = -235*f. Is f composite?
False
Let o(p) = 27*p**2 - 2*p + 1. Suppose -g + 10 - 6 = 0. Suppose -u + i + 23 = -g*i, -2*i - 2 = -4*u. Is o(u) a composite number?
False
Let o(x) = 3733*x**2 + 10*x + 19. Is o(-6) composite?
True
Let d(x) = -x**3 - 21*x**2 - 13*x - 73. Let w be d(-16). Let m = w - -1776. Is m a composite number?
False
Suppose -16 + 73 = 19*i. Suppose -4974 = -d - 2*d + i*o, 0 = o. Is d a composite number?
True
Let f be (-12)/20 - 132/(-20). Suppose 5*l + 4*h - 9323 = 0, 3*h = -2*l - f + 3731. Is l composite?
False
Suppose 4*q + f - 1472856 = 0, -6*q - 368209 = -7*q + f. Is q a composite number?
True
Let i = 29698 - 13491. Is i composite?
True
Suppose 4*q + 1521 = 5*u, -u + 300 = -q - 4*q. Suppose 11*j = 16*j - u. Let o = 1158 + j. Is o a composite number?
True
Let f = -6033 - -11255. Let q = 11289 - f. Is q a prime number?
True
Is 16/(-8) + 6 - (-610706 - 1) prime?
False
Suppose -2*g + 0*g + 30 = 4